 the prime factors of 363536946?
2, 3, 2287, 8831
What are the prime factors of 56106677?
11, 19, 29, 9257
What are the prime factors of 32285535?
3, 5, 2152369
What are the prime factors of 56392760?
2, 5, 19, 74201
What are the prime factors of 169096850?
2, 5, 13, 157, 1657
List the prime factors of 74799712.
2, 13, 179807
What are the prime factors of 3190932239?
11, 4259, 68111
What are the prime factors of 1222200069?
3, 8971, 45413
What are the prime factors of 238737586?
2, 113, 1056361
What are the prime factors of 1155449091?
3, 23, 2797, 5987
List the prime factors of 1550521601.
17, 91207153
What are the prime factors of 1218997850?
2, 5, 7, 3482851
What are the prime factors of 653982679?
7, 19, 1597, 3079
List the prime factors of 173133688.
2, 7, 13, 237821
What are the prime factors of 1919780252?
2, 13, 36918851
What are the prime factors of 17703973?
7, 1049, 2411
What are the prime factors of 350591760?
2, 3, 5, 23, 7057
List the prime factors of 3964662787.
101, 4937, 7951
What are the prime factors of 94973655?
3, 5, 7, 904511
What are the prime factors of 34134147?
3, 17, 223099
List the prime factors of 2549367.
3, 94421
What are the prime factors of 774438920?
2, 5, 61, 503, 631
What are the prime factors of 73556994?
2, 3, 7, 17, 71, 1451
List the prime factors of 57373047.
3, 6374783
List the prime factors of 55045487.
7, 7863641
What are the prime factors of 1015517?
1015517
What are the prime factors of 399425606?
2, 199712803
List the prime factors of 62929399.
13, 4840723
What are the prime factors of 127053294?
2, 3, 21175549
What are the prime factors of 15433799?
15433799
What are the prime factors of 59135282?
2, 17, 211, 8243
What are the prime factors of 59861481?
3, 29, 688063
List the prime factors of 2912688.
2, 3, 113, 179
List the prime factors of 1298131742.
2, 647, 1003193
What are the prime factors of 152474208?
2, 3, 1588273
What are the prime factors of 1002072467?
11, 29, 1289, 2437
What are the prime factors of 392697373?
691, 568303
What are the prime factors of 5872255?
5, 1174451
What are the prime factors of 1240610949?
3, 137845661
List the prime factors of 357902711.
11443, 31277
List the prime factors of 257512254.
2, 3, 42918709
List the prime factors of 3473763639.
3, 1157921213
List the prime factors of 13410319.
13, 73, 1087
List the prime factors of 3085721473.
3085721473
What are the prime factors of 67619792?
2, 239, 17683
List the prime factors of 162497277.
3, 23, 113, 6947
List the prime factors of 17510922.
2, 3, 11, 13, 6803
List the prime factors of 13797911.
1663, 8297
List the prime factors of 891287108.
2, 4793, 46489
List the prime factors of 337241225.
5, 13489649
What are the prime factors of 17631858?
2, 3, 179, 16417
What are the prime factors of 15921388?
2, 7, 89, 6389
What are the prime factors of 898879514?
2, 13, 23, 59, 73, 349
What are the prime factors of 5223344599?
11, 29, 431, 37991
What are the prime factors of 2011939465?
5, 402387893
List the prime factors of 758679011.
137, 1693, 3271
What are the prime factors of 919509167?
283, 3249149
List the prime factors of 7624725780.
2, 3, 5, 7, 1297, 13997
What are the prime factors of 186287633?
7, 53, 131, 3833
List the prime factors of 10555531.
7, 31, 6949
List the prime factors of 28826406.
2, 3, 7, 23, 29
List the prime factors of 124151002.
2, 673, 92237
What are the prime factors of 4452396?
2, 3, 13, 28541
List the prime factors of 3239385832.
2, 404923229
List the prime factors of 38541699.
3, 7, 191, 3203
What are the prime factors of 118951915?
5, 149, 159667
List the prime factors of 19960702.
2, 9980351
What are the prime factors of 3751457958?
2, 3, 193, 1079867
What are the prime factors of 786937700?
2, 5, 179, 43963
List the prime factors of 464053145.
5, 113, 821333
List the prime factors of 86344175.
5, 3453767
List the prime factors of 157510914.
2, 3, 11, 101, 23629
List the prime factors of 90553493.
90553493
What are the prime factors of 86425779?
3, 11, 67, 39089
What are the prime factors of 29019334?
2, 14509667
List the prime factors of 65753611.
7, 11, 47, 18169
What are the prime factors of 30486904?
2, 7, 499, 1091
List the prime factors of 212705690.
2, 5, 21270569
What are the prime factors of 1250678884?
2, 7, 13, 37, 92863
List the prime factors of 132993545.
5, 41, 757, 857
List the prime factors of 2991908857.
7, 427415551
List the prime factors of 19305028.
2, 607, 7951
What are the prime factors of 113301705?
3, 5, 11, 61, 11257
What are the prime factors of 2269929520?
2, 5, 1471, 19289
List the prime factors of 184522565.
5, 1151, 32063
What are the prime factors of 351463466?
2, 3863, 45491
What are the prime factors of 4937974467?
3, 19, 86631131
List the prime factors of 28931055.
3, 5, 331, 5827
List the prime factors of 34934485.
5, 71, 98407
What are the prime factors of 20454743?
227, 251, 359
What are the prime factors of 1329188655?
3, 5, 277, 319901
List the prime factors of 78337293.
3, 26112431
List the prime factors of 1828913505.
3, 5, 3643, 33469
List the prime factors of 1129877844.
2, 3, 94156487
List the prime factors of 326179659.
3, 13, 8363581
List the prime factors of 19845489.
3, 43, 153841
What are the prime factors of 1400120086?
2, 3803, 184081
List the prime factors of 4020952600.
2, 5, 7, 2872109
What are the prime factors of 270407001?
3, 90135667
What are the prime factors of 489585942?
2, 3, 797, 34127
What are the prime factors of 68344437?
3, 7, 17, 191441
What are the prime factors of 14752816?
2, 13, 19, 3733
What are the prime factors of 867467102?
2, 263, 449, 3673
What are the prime factors of 2502771717?
3, 29, 4583, 6277
What are the prime factors of 132129485?
5, 107, 246971
List the prime factors of 911755157.
29, 31439833
List the prime factors of 80930950.
2, 5, 1618619
List the prime factors of 39974669.
7, 5710667
What are the prime factors of 1948922189?
1948922189
What are the prime factors of 83332523?
67, 409, 3041
List the prime factors of 1514966709.
3, 173, 2919011
What are the prime factors of 564938093?
13397, 42169
What are the prime factors of 195398919?
3, 499, 14503
List the prime factors of 53992464.
2, 3, 281, 4003
List the prime factors of 84575671.
84575671
List the prime factors of 1456916851.
13, 167, 671081
What are the prime factors of 64489327?
7, 1783, 5167
List the prime factors of 1572392465.
5, 7, 3463, 12973
List the prime factors of 48908947.
101, 683, 709
What are the prime factors of 545662906?
2, 17, 2837, 5657
List the prime factors of 5178881165.
5, 15731, 65843
List the prime factors of 21824738.
2, 13, 839413
What are the prime factors of 48554865?
3, 5, 41, 26317
List the prime factors of 141276929.
141276929
List the prime factors of 91822811.
91822811
List the prime factors of 5473721863.
17, 31, 53, 195973
What are the prime factors of 122381655?
3, 5, 11, 43, 47, 367
What are the prime factors of 46650690?
2, 3, 5, 518341
What are the prime factors of 36970930?
2, 5, 41, 90173
List the prime factors of 187167859.
23, 8137733
What are the prime factors of 15692836?
2, 17, 89, 2593
What are the prime factors of 26658857?
541, 49277
What are the prime factors of 3806627740?
2, 5, 190331387
What are the prime factors of 540090539?
71, 379, 20071
What are the prime factors of 62891516?
2, 71, 3119
List the prime factors of 4020034423.
37, 108649579
List the prime factors of 2404639485.
3, 5, 733, 72901
List the prime factors of 216448654.
2, 108224327
What are the prime factors of 234319880?
2, 5, 71, 82507
List the prime factors of 247273843.
401, 616643
What are the prime factors of 994448171?
23, 97, 445741
List the prime factors of 88472784.
2, 3, 1843183
What are the prime factors of 1726795012?
2, 19, 23, 987869
What are the prime factors of 2976075239?
53, 56152363
List the prime factors of 1018336440.
2, 3, 5, 11, 61, 12647
List the prime factors of 551631884.
2, 137907971
List the prime factors of 2730357430.
2, 5, 273035743
What are the prime factors of 7584785753?
7584785753
List the prime factors of 8690537881.
151, 443, 129917
List the prime factors of 40506454.
2, 101, 193, 1039
What are the prime factors of 258948990?
2, 3, 5, 53, 54287
List the prime factors of 325174505.